0a0 (base 12) to base 2
100001010110111000
-2165115 (base 7) to base 12
-10b313
85d (base 15) to base 14
98c
-100135444 (base 6) to base 13
-4734ca
What is -3516633 (base 7) in base 3?
-211102222110
Convert 83a3 (base 16) to base 13.
12453
Convert -1780739 (base 11) to base 13.
-81828c
14a666a (base 15) to base 10
14956075
Convert -1999796 (base 11) to base 9.
-6288808
What is 10113301221 (base 4) in base 3?
2011012222000
-668d3 (base 15) to base 12
-1387a6
What is 651126 (base 7) in base 4?
123221223
Convert a54c1 (base 13) to base 11.
19350a
Convert d80046 (base 16) to base 11.
7a99551
Convert -16a8eb (base 15) to base 11.
-690687
Convert 49299 (base 12) to base 7.
561225
-1101132 (base 4) to base 13
-24b1
Convert -2962814 (base 10) to base 13.
-7c975a
Convert 12113123 (base 4) to base 10.
26075
10db899 (base 14) to base 4
132233332133
a13a (base 15) to base 9
51611
Convert -a8c401 (base 14) to base 4.
-111310103301
-160d9 (base 15) to base 4
-101112213
What is -1543237 (base 8) in base 16?
-6c69f
-16ca22 (base 14) to base 5
-201200423
Convert -268389 (base 10) to base 8.
-1014145
Convert -51006651 (base 8) to base 9.
-22206131
Convert -2271a (base 15) to base 6.
-2203224
Convert -35bed (base 16) to base 5.
-24021031
Convert 21430102 (base 5) to base 10.
186277
Convert 5213b3 (base 12) to base 5.
312203202
What is 110100011100110001 (base 2) in base 4?
310130301
100322400 (base 5) to base 9
671802
What is -78140 (base 13) in base 5?
-23431344
Convert 1112020020210 (base 3) to base 15.
1106e0
42506214 (base 7) to base 4
31302232320
What is -93955e (base 15) in base 10?
-7017839
Convert 10202321122 (base 4) to base 3.
2020112110011
Convert -133c9a (base 14) to base 16.
-a20f0
Convert 846255 (base 10) to base 2.
11001110100110101111
111100130 (base 4) to base 13
30827
What is -1111101000110000001 (base 2) in base 11?
-31aa65
Convert -11100101101010110110000 (base 2) to base 11.
-4280284
What is 2600005 (base 7) in base 8?
1220421
Convert 8a6511 (base 13) to base 6.
154030511
What is 3005736 (base 9) in base 14?
2d87d6
What is 102201010200100 (base 3) in base 12?
2100ba6
What is -3811b57 (base 12) in base 16?
-a76e33
Convert 2351626 (base 8) to base 15.
cac2a
Convert 1032120110 (base 4) to base 15.
651ce
Convert 10100010100100101011101 (base 2) to base 7.
63165121
459a (base 13) to base 8
23040
Convert -91a23 (base 11) to base 15.
-29c0a
306072 (base 14) to base 3
10001210222201
-6c53a2 (base 14) to base 5
-1421434021
-87ccba (base 15) to base 14
-c06c34
What is -2035238 (base 10) in base 12?
-821972
2979777 (base 10) to base 12
bb84a9
Convert 130112100023 (base 4) to base 7.
120110150
What is 12122301022 (base 4) in base 7?
20205160
Convert -b28053 (base 12) to base 14.
-529971
-105a9b (base 15) to base 8
-2760626
Convert -10201212101222 (base 3) to base 12.
-7b8b2b
What is 431115523 (base 6) in base 16?
74332b
Convert -114044300 (base 6) to base 10.
-2152332
-13558416 (base 9) to base 7
-111022044
What is -16415 (base 13) in base 5?
-2324222
Convert -64722 (base 12) to base 2.
-100000010100001010
What is -215324111 (base 6) in base 3?
-21100002210121
What is 38235 (base 12) in base 13?
289ac
What is -73002 (base 9) in base 15?
-e3cb
-15b556 (base 14) to base 13
-2085a7
-111041 (base 7) to base 15
-5c05
Convert 33254656 (base 7) to base 12.
b6549a
What is 29c000 (base 13) in base 8?
3723717
What is 15a6c1b (base 13) in base 4?
122221012312
What is -110213111 (base 4) in base 2?
-10100100111010101
What is -c179 (base 15) in base 8?
-117607
5b05a8 (base 13) to base 4
20102023203
Convert 1300332020 (base 4) to base 14.
c08c0
What is -10121000101 (base 3) in base 5?
-4230343
303a71 (base 11) to base 15
99ac4
What is 31034414 (base 6) in base 12?
36ba0a
-3422361 (base 7) to base 5
-102111403
What is -213102230 (base 4) in base 11?
-aaa0a
-202210121103 (base 4) to base 13
-1b53919
What is -37563157 (base 8) in base 3?
-120122112010112
Convert -1ddcb (base 14) to base 13.
-28c6b
What is -33467417 (base 9) in base 8?
-75707753
Convert 13400122 (base 6) to base 4.
1232013302
What is 13424371 (base 9) in base 13?
14b18a2
Convert 54a01 (base 16) to base 9.
577428
312011304 (base 5) to base 11
7a6277
430013 (base 6) to base 12
18309
-23520142 (base 6) to base 4
-2310333332
8410 (base 13) to base 5
1041030
What is -2465289 (base 11) in base 13?
-b6c135
-225130 (base 10) to base 7
-1625233
Convert 4b2e2 (base 15) to base 8.
725237
What is -5444280 (base 9) in base 5?
-1222012140
What is -512716 (base 8) in base 7?
-1303641
What is -526184 (base 11) in base 15?
-119a76
What is 4313045 (base 6) in base 3?
101202201002
What is 79e8 (base 15) in base 6?
315432
What is -13565310 (base 8) in base 16?
-2eeac8
Convert d64252 (base 16) to base 12.
4851b82
-10111010111001101001000 (base 2) to base 14
-b55ca4
Convert 474ca (base 13) to base 10.
130465
-84ae2 (base 16) to base 11
-341343
What is -1304022 (base 8) in base 14?
-9617c
76a020 (base 12) to base 9
3480656
What is 2440150 (base 6) in base 14?
3537c
8183 (base 14) to base 8
53367
Convert -3448 (base 15) to base 6.
-123205
What is -1104251 (base 6) in base 8?
-154147
Convert 37b71 (base 13) to base 7.
606221
What is -39e8b (base 15) in base 7?
-1401623
Convert -20132136 (base 7) to base 15.
-230573
What is -1754617 (base 13) in base 9?
-15230651
What is 130200112121 (base 4) in base 14?
dc7329
11000000111101000111 (base 2) to base 12
32145b
809b2 (base 15) to base 13
113456
Convert -50331 (base 12) to base 7.
-612433
-7640f2 (base 16) to base 2
-11101100100000011110010
Convert 14123001 (base 5) to base 9.
241368
What is -4086 (base 9) in base 14?
-113c
What is 1ba0 (base 15) in base 8?
13560
Convert -112126 (base 13) to base 12.
-176081
-1889398 (base 12) to base 16
-4eb6e4
Convert -200020031032 (base 4) to base 6.
-500303434
Convert -89aa1 (base 11) to base 4.
-133311330
Convert -2153a2 (base 12) to base 2.
-10000000110011101010
-984180 (base 10) to base 9
-1760033
What is -11200 (base 6) in base 13?
-94b
-53444 (base 7) to base 13
-6062
What is -27bf9 (base 16) in base 3?
-22021022222
What is 1122111120 (base 3) in base 9?
48446
What is 2021010011120 (base 3) in base 9?
2233146
What is 611311 (base 7) in base 5?
11304431
What is -5302100 (base 6) in base 2?
-111110110000110100
What is 16ccb0 (base 16) in base 3?
2210220122110
What is 8e97b (base 16) in base 4?
2032211323
What is -5469216 (base 10) in base 2?
-10100110111010000100000
What is 5200254 (base 7) in base 16?
97dac
-8762b1 (base 14) to base 3
-22122010021000
What is 1541010 (base 8) in base 7?
3523135
Convert -4303303 (base 9) to base 7.
-25411056
-14327203 (base 8) to base 11
-1924265
What is -709276 (base 14) in base 2?
-1110011101010010001000
-2020100001000 (base 3) to base 16
-121ef0
What is 82688 (base 11) in base 15?
25b0c
Convert 2608432 (base 9) to base 12.
587855
Convert -226567 (base 8) to base 16.
-12d77
29350 (base 11) to base 16
a2cf
Convert -10211020022221 (base 3) to base 14.
-3ac724
What is -3425241 (base 10) in base 3?
-20110000112210
What is -11111101001111110011 (base 2) in base 10?
-1037299
14e28b (base 15) to base 11
62a675
What is 357545 (base 9) in base 5?
23344001
What is -b946b (base 12) in base 3?
-110102010102
Convert -10101001212001 (base 3) to base 8.
-6654770
What is -1412400 (base 6) in base 11?
-54913
-1523 (base 11) to base 3
-2200122
What is 2022011121201 (base 3) in base 9?
2264551
What is -9817a (base 14) in base 3?
-200200210122
What is 21341301 (base 6) in base 15?
c83ca
82471 (base 12) to base 4
221200111
Convert c2979b (base 13) to base 5.
2130034342
404512450 (base 6) to base 7
113016231
What is 16bc7 (base 14) in base 11?
39a90
Convert -1132830 (base 12) to base 13.
-8b7a66
10100210021 (base 4) to base 5
241211200
Convert -103321 (base 9) to base 5.
-3431443
What is 15780 (base 10) in base 9?
23573
What is 1001100100011100110 (base 2) in base 15?
62d9e
Convert -896ab2 (base 13) to base 7.
-36363043
Convert -904d79 (base 14) to base 16.
-4a111f
-7878274 (base 9) to base 16
-40c3f3
Convert 10233301323 (base 4) to base 5.
304304113
131222130 (base 4) to base 9
204600
Convert -499a9 (base 11) to base 5.
-4244001
What is 143a4 (base 16) in base 12?
3bb44
What is -1200201012021 (base 3) in base 7?
-10435054
Wh